{"id":2,"date":"2014-01-02T08:43:32","date_gmt":"2014-01-02T08:43:32","guid":{"rendered":"http:\/\/lavoiedelafoulee.neurotica.name\/?page_id=2"},"modified":"2015-08-04T11:10:14","modified_gmt":"2015-08-04T10:10:14","slug":"page-d-exemple","status":"publish","type":"page","link":"http:\/\/lavoiedelafoulee.neurotica.name\/?page_id=2","title":{"rendered":"\u00e0 propos"},"content":{"rendered":"<p>Avant tout le titre de ce blog, &#8220;la voie de la foul\u00e9e (\u30d1\u30b9\u30b9\u30c8\u30e9\u30a4\u30c9)&#8221;. Je pratique la course comme j&#8217;ai essay\u00e9 de pratiquer les arts martiaux il y a trente ans. Avec bonheur, s\u00e9r\u00e9nit\u00e9 et rigueur. Comme le karat\u00e9 do est la voie de la main vide et je judo la voie de la souplesse, Pasusutoraido, la voie de la foul\u00e9e est cette pratique qui m&#8217;am\u00e8ne \u00e9galement vers le satori, l&#8217;attardement. La foul\u00e9e comme chemin.<\/p>\n<p>Je cours pour me faire plaisir, pour d\u00e9couvrir des lieux, des ambiances et m\u00eame quelques fois des \u00eatres humains. Courir, c&#8217;est aller se promener et j&#8217;utilise &#8220;promenade&#8221; pour qualifier mes sorties&#8230;<\/p>\n<p>Mon objectif est de pouvoir courir longtemps et de ne m&#8217;arr\u00eater que pour regarder, d\u00e9couvrir. La course comme mode de d\u00e9placement normal (je cours plus que je marche&#8230;). Je cherche \u00e0 courir l\u00e9ger \u00e9quip\u00e9 d&#8217;un petit sac \u00e0 dos avec le minimum vital. Pas la peine de s&#8217;arr\u00eater pour papoter, regarder bien vous trouverez des ultra-fondus en plein bavardage sans r\u00e9duire leur rythme de promenade.<\/p>\n<p>L&#8217;utra-fond est souvent d\u00e9fini comme la discipline qui commence l\u00e0 o\u00f9 le marathon s&#8217;arr\u00eate. Pourquoi pas.<\/p>\n<p>Les comp\u00e9titions ne sont pas des lieux d&#8217;affrontements mais des moments de partages, des occasions de r\u00e9aliser des promenades un peu diff\u00e9rentes avec un vrai support logistique (et surtout des points d&#8217;eaux) mais cela ne m&#8217;emp\u00eache pas de partir en Off d\u00e8s que l&#8217;occasion se pr\u00e9sente. Il ne s&#8217;agit pas &#8211; pour moi &#8211; de battre l&#8217;autre mais d&#8217;ex\u00e9cuter la course comme je l&#8217;ai pens\u00e9, comme un kata parfaitement ex\u00e9cut\u00e9.<\/p>\n<p>Apr\u00e8s \u00eatre devenu officiellement un cent-bornard, j&#8217;ai l&#8217;honneur d&#8217;\u00eatre \u00e9galement devenu un &#8220;cent-miler&#8221;\u00a0 avec les 177 km (mais peu de D+) de l&#8217;UltraMarin. Maintenant est venu le temps d&#8217;aller chercher \u00e0 la fois des 100 miles avec du gros d\u00e9nivel\u00e9 positif et puis du plus long. D&#8217;abord autour de 250 km puis d&#8217;arriver \u00e0 un terrain de jeu tel que 900 km pour 52000 D+ en 1 \u00e9tape&#8230; On verra bien, l&#8217;important est de profiter, de se faire plaisir. la distance et le d\u00e9nivel\u00e9 ne sont pas des objectifs en soit, simplement des rep\u00e8res. Des promenades courtes peuvent \u00e9galement apporter leur lot de sensations et de bonheurs.<\/p>\n<p>M\u00eame si je dois avouer que lors d&#8217;une comp\u00e9tition le classement peut \u00eatre une source de motivation, la qualit\u00e9 d&#8217;ex\u00e9cution reste la premi\u00e8re. De ce point de vue, le Grand Raid du Morbihan 2015 est le bon exemple.<\/p>\n<p>La voie de la foul\u00e9e se veut un mode de vie o\u00f9 le respect de l&#8217;environnement et des autres est tout aussi important que la promenade ou la destination, o\u00f9 le chemin, la mani\u00e8re sont des composants \u00e0 part enti\u00e8re de la pratique.<\/p>\n<p>Quel bonheur de voir les randonneurs surpris et \u00e9tonn\u00e9s de me voir appara\u00eetre sans m&#8217;avoir entendu. Traverser, profiter sans impacter.<\/p>\n<p>Quel bonheur de se retrouver \u00e0 2000m d&#8217;altitude, au d\u00e9tours d&#8217;un chemin, en train de courir aux c\u00f4t\u00e9s d&#8217;un bouquetin tout aussi \u00e9tonn\u00e9 que moi.<\/p>\n<p>Ce site propose \u00e0 la fois mes compte-rendus de comp\u00e9titions (les courses) que les descriptifs de mes entrainements. Je pr\u00e9sente \u00e9galement le mat\u00e9riel utilis\u00e9 et mes exp\u00e9riences li\u00e9es \u00e0 l&#8217;alimentation en course (et m\u00eame un peu en dehors). Viendrons sans doute d&#8217;autres rubriques au cours du temps.<\/p>\n<p>L&#8217;objectif de ce site est de partager, de permettre \u00e0 d&#8217;autres &#8211; comme je l&#8217;ai fait &#8211; de trouver des exp\u00e9riences et, peut-\u00eatre, de les utiliser, les am\u00e9liorer.<\/p>\n<p>Bonne promenade&#8230;<\/p>\n<p>Lhs<\/p>\n","protected":false},"excerpt":{"rendered":"<p>Avant tout le titre de ce blog, &#8220;la voie de la foul\u00e9e (\u30d1\u30b9\u30b9\u30c8\u30e9\u30a4\u30c9)&#8221;. Je pratique la course comme j&#8217;ai essay\u00e9 de pratiquer les arts martiaux il y a trente ans. Avec bonheur, s\u00e9r\u00e9nit\u00e9 et rigueur. Comme le karat\u00e9 do est la voie de la main vide et je judo la voie de la souplesse, Pasusutoraido, [&hellip;]<\/p>\n","protected":false},"author":1,"featured_media":0,"parent":0,"menu_order":0,"comment_status":"closed","ping_status":"open","template":"","meta":{"footnotes":""},"class_list":["post-2","page","type-page","status-publish","hentry"],"_links":{"self":[{"href":"http:\/\/lavoiedelafoulee.neurotica.name\/index.php?rest_route=\/wp\/v2\/pages\/2","targetHints":{"allow":["GET"]}}],"collection":[{"href":"http:\/\/lavoiedelafoulee.neurotica.name\/index.php?rest_route=\/wp\/v2\/pages"}],"about":[{"href":"http:\/\/lavoiedelafoulee.neurotica.name\/index.php?rest_route=\/wp\/v2\/types\/page"}],"author":[{"embeddable":true,"href":"http:\/\/lavoiedelafoulee.neurotica.name\/index.php?rest_route=\/wp\/v2\/users\/1"}],"replies":[{"embeddable":true,"href":"http:\/\/lavoiedelafoulee.neurotica.name\/index.php?rest_route=%2Fwp%2Fv2%2Fcomments&post=2"}],"version-history":[{"count":13,"href":"http:\/\/lavoiedelafoulee.neurotica.name\/index.php?rest_route=\/wp\/v2\/pages\/2\/revisions"}],"predecessor-version":[{"id":1132,"href":"http:\/\/lavoiedelafoulee.neurotica.name\/index.php?rest_route=\/wp\/v2\/pages\/2\/revisions\/1132"}],"wp:attachment":[{"href":"http:\/\/lavoiedelafoulee.neurotica.name\/index.php?rest_route=%2Fwp%2Fv2%2Fmedia&parent=2"}],"curies":[{"name":"wp","href":"https:\/\/api.w.org\/{rel}","templated":true}]}}